 28 is divided by h?
4
Let f be (-300)/(-12)*(2 + -1). Suppose -999 - 326 = -f*v. What is the remainder when v is divided by 9?
8
Suppose -9*q = 5*y - 1164, 485 = 2*y - 2*q - 3. What is the remainder when 1610 is divided by y?
170
Let d be (-3 + (-32)/(-10))/((-3)/(-60)). Suppose -2*i + 35 = -3*q, d*q + 69 = 3*i + 16. Calculate the remainder when 113 is divided by i.
18
Let s = 93 + -70. Let a = -23 + s. Suppose 0 = -5*f + 4*k - 5*k + 263, 5*f + 2*k - 261 = a. What is the remainder when f is divided by 20?
13
Suppose 2*r + 190 = 2*p, p + r = -0*r + 85. Suppose -2*a = -3*t - 38, 4*a + 5*t = 3*a + 19. Calculate the remainder when p is divided by a.
14
Let n(m) = 53*m**2 + 367*m + 10. Calculate the remainder when 1671 is divided by n(-7).
37
Let c(h) = -49*h + 2. Let v be c(1). Let j = 58 + v. Suppose 0 = -14*o + j*o + 273. Calculate the remainder when o is divided by 23.
22
Suppose -2*a - 2 = -4, -4*c = 5*a - 77. Suppose c*q - 721 = 11*q. What is the remainder when q is divided by 15?
13
Suppose m - 13*a + 12*a = 413, m = -3*a + 385. What is the remainder when m is divided by 31?
3
Suppose -289 = -4*u - 17. Suppose -3*k + u = -16. Calculate the remainder when 99 is divided by k.
15
Let n(v) = -4*v + 91. Let o be n(26). Let z = -4 - o. What is the remainder when 17 is divided by z?
8
Let i(l) = l**3 - l**2 + 39. Let y be i(0). Let q(a) = -3*a**3 - 2*a + 1. Let d be q(2). Let w = y + d. What is the remainder when 22 is divided by w?
10
Suppose -1364 = -284*m + 1030 - 602 + 764. Calculate the remainder when 2009/4 + 1/(-4) is divided by m.
7
Let p = -414 - -434. Suppose 0 = -4*v - p, 4*v - 1725 + 20 = -5*y. What is the remainder when y is divided by 27?
21
Let y = 422 + -414. Calculate the remainder when (3 - (-26 - y)) + (2 - -2) is divided by 4.
1
Suppose m = 4*m + 4*c - 223, -c = -2*m + 134. Calculate the remainder when 3793 is divided by m.
67
Let z(h) = h**2 + 5*h + 33. Let b be z(0). Suppose -b*w = -37*w + 88. Calculate the remainder when 108 is divided by w.
20
Calculate the remainder when (559775/(-85))/(-5) + 2/(-17) is divided by 263.
2
Calculate the remainder when 731 is divided by (186/10)/(3 - 792/275).
111
Let u(s) = 3*s**2 - 2*s + 3. Let z(y) = 436*y - 6967. What is the remainder when u(3) is divided by z(16)?
6
Suppose -4*u = 65 - 389. Suppose 14 = g + 2. What is the remainder when u is divided by g?
9
Let j(x) = 34*x - 69. Let y(z) = -z**3 + 2*z**2 - 2*z + 4. Let n be y(0). What is the remainder when j(n) is divided by 18?
13
Let q(n) = -n**3 - 11*n**2 + 10*n - 24. Let s be q(-12). Suppose -12*g - 90 + 294 = s. What is the remainder when 73 is divided by g?
5
Let v(c) = -3*c - 9. Suppose 4*d + 130 = 2. Let p = d - -22. Calculate the remainder when 62 is divided by v(p).
20
What is the remainder when (799/(-3) - -3)/(((-128)/48)/8) is divided by 53?
48
Let b(i) = 69*i**2 - 18*i - 31. Calculate the remainder when b(-4) is divided by 144.
137
Suppose 0 = -7*g + 9 - 58. Let r(d) = -4*d - 29. Let t be r(g). Let v(m) = 29*m**2 - 3*m - 2. What is the remainder when 58 is divided by v(t)?
28
Suppose 2*q + 13 = -p + 45, -3*q = -p + 37. Suppose 1434 = 217*v - 80*v - 1580. What is the remainder when p is divided by v?
12
Let r(p) = 10*p**2 - 11*p + 10. Suppose -s - 4*n + 24 = 0, -4*s + 5*n = 2*n - 58. Let t = s + -11. What is the remainder when r(t) is divided by 13?
10
Let f = 48 + -45. Suppose -i + 5*p = -35, -i + 3*i = f*p + 35. Suppose 62 = 3*n + 5*k, i*n - 5*k - 170 = 5*n. What is the remainder when n is divided by 15?
14
Suppose -4*j = 8*j - 372. Let s = 45 - j. Calculate the remainder when 78 is divided by s.
8
Suppose 0 = -5*o + 4*n + 3, 3*o = -2*n - 4 - 3. Calculate the remainder when (1432/580 + 24/(-348))*(-6 + 36) is divided by (-10)/4*o*6.
12
Suppose 312 = 3*f - 4*q - 323, 3*f = 3*q + 633. Suppose 7*b = -b + 168. What is the remainder when f is divided by b?
20
Suppose -3*k + 1369 = 3817. Let f be ((-25)/10)/(3/k). Suppose 2*c = v + 266, 4*c - 3*v = f - 148. What is the remainder when c is divided by 27?
25
Let s(m) = -2*m - 574. Let l(b) = 115. Let j(p) = 14*l(p) + 3*s(p). Calculate the remainder when 568 is divided by j(-25).
36
Suppose -532 = 37*s - 3529. Suppose -3*d = 2*r + 1, -d = -4*d - 9. Calculate the remainder when s is divided by r.
1
Suppose 105*a = 109*a - 396. Suppose -a*l + 126*l - 324 = 0. What is the remainder when 64 is divided by l?
4
Let i = -82419 + 82435. Suppose -2*f = 3*f - 2860. What is the remainder when f is divided by i?
12
Let u(k) = -56*k - 707. What is the remainder when u(-19) is divided by 24?
21
Suppose -4*m + 251 = 3*h - 129, -5*h + 640 = 5*m. What is the remainder when h is divided by 6?
0
Let t(b) = b**2 - 9*b - 1. Let j be t(9). What is the remainder when (-35)/15*3*-1 is divided by (6/3)/(j/(-2))?
3
Suppose 0 = 5*z - 25, -71*d = -75*d - z + 5609. Calculate the remainder when d is divided by 13.
10
Suppose 3*c = -4*a + 8, -3*c + 5*c - 8 = -2*a. Suppose 11*i = c*i + 285. What is the remainder when i is divided by 7?
4
Let m = -2682 + 3941. Calculate the remainder when m is divided by 20.
19
Let f(h) = 9*h**2 - 6*h + 21. Let z be f(13). Suppose -4*t - 2*t = -z. Suppose -7*m + t = -155. What is the remainder when m is divided by 15?
12
Let y(a) = -a**3 + 19*a**2 + 7*a - 110. Let j be y(19). Suppose f = -j*f + 2712. Calculate the remainder when f is divided by 58.
55
Let q(l) = -2*l**3 + 21*l**2 - 6*l - 7. Let m(f) = 4*f**3 - 41*f**2 + 10*f + 15. Let s(y) = -3*m(y) - 5*q(y). What is the remainder when s(8) is divided by 61?
57
Let s(n) = -9*n**2 - 173*n. Calculate the remainder when 323 is divided by s(-1).
159
Let b = 0 + 10. Suppose -2*z + 32 = 4*t - 322, -2*t + 877 = 5*z. Suppose -169*j - 294 = -z*j. What is the remainder when j is divided by b?
9
Suppose 9333 = 28*w + 26*w - 3*w. What is the remainder when 552 is divided by w?
3
Suppose -2063*q + 7007 = -2050*q. What is the remainder when 1627 is divided by q?
10
Suppose -138 = -5*c - 3*y, 3*c - 3*y = y + 77. Suppose 3 = 4*v - 5*n + 6, -2*v - 2*n = -12. What is the remainder when c is divided by ((-30)/(-12) - v)*-14?
6
Suppose 0 = z + 4 - 3. Let d be -1 + z/(-3) - (-17)/3. Suppose -d*i = 5*w - 475, 5*w - 2*i - 202 = 259. Calculate the remainder when w is divided by 24.
21
Suppose 0 = -2*f + 5*w + 72, 3*f + 5*w = 11 + 47. Let n = 254 - 250. Suppose 5*k = -4*h + 38, n*h + 3*k - 31 = 3. What is the remainder when f is divided by h?
5
Suppose -4*a - j - 8 = -269, -2*j = -4*a + 258. What is the remainder when 78 is divided by a?
13
Suppose 12*s - 19 = -7*k + 14*s, -2*s = 2*k + 10. Calculate the remainder when 23 is divided by k.
0
What is the remainder when 9050 is divided by (((-124)/18)/((-7)/42))/((-6)/(-9))?
60
Let a = 3317 + 10269. What is the remainder when a is divided by 79?
77
Suppose -54 = -5*k + 21. Suppose 13*t + 3*i - 15 = 9*t, -3*i = 2*t + 3. What is the remainder when k is divided by t?
6
Suppose 61*o + 12360 = 85*o. What is the remainder when o is divided by 86?
85
Let c(w) = -w**3 + 3*w**2 - w + 6. Let n be c(3). Suppose -n*x + x + 386 = 0. Suppose -140 = -3*y - 2*y. Calculate the remainder when x is divided by y.
25
Suppose 51 = i - 3. Let u = 60 - i. Suppose r = u + 15. Calculate the remainder when r is divided by 9.
3
What is the remainder when 30805 is divided by 6/(-32)*-8 - (-492)/8?
61
Suppose -3*x - v = -28, -2*x = 2*v + 3*v - 10. Let m = -39 - -80. Suppose 3*h = 5*b + 7 + 22, -2*h + m = b. Calculate the remainder when h is divided by x.
8
Suppose -p - 288 = 7*p. Let w = p + 92. Calculate the remainder when w is divided by (-1 - -16) + 2 + -2.
11
What is the remainder when 39 + -44 - (1 + -597) is divided by 44?
19
Let d = 4456 - 3772. Calculate the remainder when d is divided by 197.
93
Let u = -3004 + 3388. What is the remainder when u is divided by 11?
10
Suppose -1401 + 531 = 5*h. Let t = h - -221. Let w(m) = -m**3 - 8*m**2 + 5*m - 10. Calculate the remainder when t is divided by w(-9).
21
Let j(h) = -2*h + 33. Let y be j(0). Let t = y - -4. Suppose 5*x + 23 = 3*s - 22, 12 = 4*x. Calculate the remainder when t is divided by s.
17
Let z be (-3 + 84/20)/(6/20). Suppose -3*h + 7*h - 136 = -z*i, -2*h = -5*i + 191. Calculate the remainder when 72 is divided by i.
35
Suppose -2 = -a + 1, -4*a + 404 = 4*n. Let m be -5*(